 What is the greatest common divisor of a and 70?
14
Suppose -17*z = -9*z - 136. Let w = 5 + z. What is the highest common divisor of w and 33?
11
Suppose 1056 = i + 32*i. Calculate the highest common divisor of 288 and i.
32
Let n = -35 + 20. Let a be n/(-3) + 1 + 0. Suppose 2*g - 19 = -5*o, -3*o + 2*g + a = 5*g. What is the greatest common factor of o and 2?
1
Let q(o) = -o**2 - 1. Let c(y) = 3*y**2 - 48*y + 14. Let x(j) = -c(j) + 2*q(j). Let u be x(9). What is the highest common factor of 121 and u?
11
Suppose 17 = 2*t + w, -2*t + 5*w = -0*t - 23. Suppose t*c - 94 = 14. Calculate the greatest common divisor of c and 60.
12
Let z be (-7024)/(-18) - ((-94)/(-18) + -5). Suppose h - 7*h = -z. What is the greatest common factor of h and 13?
13
Suppose 15 = -5*q, -5 = -5*z + 3*q + 24. Let x = 13 - z. Suppose 2 = s, 2*l + 0*l + s = 92. What is the highest common factor of x and l?
9
Let b = -18 - -32. Let x be (-1716)/(-18) + -3 - (-8)/(-6). Suppose x*g + 70 = 96*g. What is the greatest common divisor of g and b?
14
Suppose -12*n = -21*n + 144. What is the highest common divisor of n and 1008?
16
Let l(a) = 38*a - 4. Let t(q) = -13*q**2 - 1. Let d be t(1). Let z = -8 - d. Let i be l(z). What is the highest common factor of 32 and i?
32
Suppose 4*y = -4, 4*s - 4*y - y = 37. Let g be (-1*3)/(-7 + s). Let n be 2/g - (-267)/9. What is the greatest common divisor of 58 and n?
29
Let a be (6/4 + 0)*2. Suppose -2*m + 154 = 5*x, a*x - 2*m = -m + 88. Calculate the greatest common factor of x and 15.
15
Let t be -33*-2*(4 - 3)/6. Let u = 11 - 16. Let v be (-56)/u - (-3)/(-15). Calculate the greatest common divisor of v and t.
11
Let r(q) = -q**2 - 5*q - 5. Let w be (-34)/6 - 4/(-6). Let n be r(w). Let p = n + 7. Calculate the greatest common factor of p and 8.
2
Let y be 66*(2 - (-1)/(-1)). Let q be (299/69 - 10/2)*-9. What is the greatest common divisor of y and q?
6
Suppose f = 3*d - 6, -5*f + 7*d = 2*d. Let c(z) = 55*z + 11. Let k be c(f). What is the greatest common divisor of k and 16?
16
Let u be 3/(-9)*-3 + -3. Let v be (-922)/(-6) - u/6. Let b be (4/(-2) - -3)*22. What is the greatest common factor of b and v?
22
Let o = 451 + -264. Let b = -44 + o. Suppose 4*h = -4*g + 56, -h + 4*h + 2*g = 41. Calculate the greatest common divisor of b and h.
13
Let h(z) = -z**3 - 7*z**2 - 13*z - 17. Let x be h(-6). Suppose -10 = -a - 0*a. What is the greatest common divisor of a and x?
5
Suppose 5*n - 64 + 9 = 0. Let u(w) = -w**3 + 11*w**2 + 6*w - 6. Let k be u(n). What is the highest common factor of k and 10?
10
Let x(m) be the first derivative of 2*m**3/3 - 4*m**2 + 6*m - 4. Let k be x(6). Calculate the greatest common divisor of k and 150.
30
Suppose 8*n - 3*n = 3*f - 9, -n + 9 = 3*f. Suppose -4*l - b + 79 = f, 2*l + 3*b - 28 = 0. Calculate the highest common factor of 50 and l.
10
Suppose 841 + 59 = 9*x. Calculate the highest common divisor of x and 20.
20
Suppose 4*f - p - 2*p - 732 = 0, -376 = -2*f + 4*p. Suppose -9*i + 8*i = -f. Calculate the greatest common factor of 20 and i.
20
Let m = 245 - 215. Calculate the greatest common divisor of 210 and m.
30
Suppose -53*z + 94 = -542. Let k be 1/(-1 - 49/(-48)). What is the highest common factor of z and k?
12
Let c(x) = -14*x. Let p be c(-1). Suppose 0 = 4*k + 2*k - 60. Let z be 21/28 - k/(-8). What is the greatest common divisor of p and z?
2
Let q be (10/(-6))/((-4)/12). Suppose 0 = -2*t - 8, q*g = 2*t + t + 212. What is the highest common divisor of 5 and g?
5
Let n be ((-270)/24)/((-2)/8). Let r be 270*(-6)/n*-6. Suppose 92*h + 442 - 3754 = 0. What is the highest common divisor of r and h?
36
Let l(x) = x**3 - 24*x**2 + 18*x - 222. Let k be l(24). Calculate the greatest common divisor of k and 84.
42
Suppose 17*m + 396 = 23*m. Let i be ((-66)/8)/((-12)/32). Calculate the highest common factor of m and i.
22
Let d = 314 - 310. Suppose -2*p = -7*p + 450. Suppose 2*i = -5*v + p, i = -4*v - 36 + 105. Calculate the highest common factor of v and d.
4
Let o(l) = -l**3 - 6*l**2 + 8*l - 11. Let s be o(-9). Let m = -29 - -29. Let j be 40/(-7)*(-7 + m). What is the highest common factor of s and j?
40
Let k be (78/(-8))/((-5)/20). What is the highest common divisor of k and 26?
13
Suppose 0*s + 2*s = 3*g - 52, 5*g + 3*s = 112. Let v(b) = -47*b + 3642. Let f be v(76). What is the greatest common divisor of f and g?
10
Suppose -4*m = j - 7, -m - 3*j = -0*j + 12. Suppose -m*t + 8*t = 60. What is the greatest common divisor of 4 and t?
4
Suppose 5 - 11 = -3*t. Let h = 17 - t. Calculate the highest common divisor of h and 3.
3
Let d be (15/25)/((-1)/(-5)). Let q be (d/(-4))/(5/600). Let x be q/(3/(-4)*1). Calculate the greatest common factor of 15 and x.
15
Let n = -125 + 188. What is the greatest common factor of 315 and n?
63
Suppose 191 = 3*i - o, -16*i + 12*i = -2*o - 254. What is the highest common divisor of 48 and i?
16
Let y = 2875 + -1621. Calculate the highest common factor of 76 and y.
38
Suppose -12 = -2*y + 5*d, -1 + 21 = 5*d. Calculate the greatest common divisor of 2096 and y.
16
Let u(l) = -l**3 - 2*l - 24. Let b be u(0). Let x = -14 - b. What is the highest common factor of x and 40?
10
Suppose -5*t + 4*v = -487, -t - 4*v + 83 = -0*t. What is the greatest common divisor of t and 57?
19
Suppose -2*q = -4*a - 0*q - 76, -4*q = -a - 33. Let y = a - -47. Let r(j) = -5*j**3 - 3*j - 1. Let u be r(-2). What is the greatest common divisor of y and u?
15
Let a(h) = -h - 9. Let d(l) = 3*l + 17. Let m(k) = -5*a(k) - 2*d(k). Let z be m(11). Let v = z + 16. Calculate the highest common factor of v and 144.
16
Let a(k) = 4*k - 55. Let z be a(17). Suppose 5*d = -2*r + 26, -2*r - 2*d = -r - 13. What is the greatest common divisor of z and r?
13
Let x be 112/(-40)*(-236 + (-3)/(-3)). Calculate the greatest common divisor of x and 376.
94
Let d be (6/(-9))/(1345/(-1335) - -1). Suppose 2*o + 246 = 3*l, l - d = -o + 4*o. Calculate the greatest common factor of l and 20.
20
Let m = 21 + -14. Suppose 0 = m*v - 10*v + 726. Suppose -5*a + v = -4*b, -148 = -5*a + 2*a + b. What is the highest common factor of 10 and a?
10
Suppose 10*z + 1721 - 5471 = 0. Calculate the highest common factor of z and 825.
75
Let y be (-6 - (-1020)/9)*-3*1. Let a = y + 691. Calculate the highest common divisor of 41 and a.
41
Let m = -34 - -211. What is the highest common divisor of 59 and m?
59
Suppose 0 = j + 4*c - 5, 2*j + c - 10 = 2*c. Let p be (-2)/(2 + (-32)/15). Calculate the highest common divisor of p and j.
5
Let c(b) = 10*b**2 - 23*b + 18. Let v be c(-10). Calculate the greatest common divisor of 78 and v.
78
Let y = 96 - 87. Let z(o) = -o**2 + 6. Let a be z(0). Calculate the greatest common factor of a and y.
3
Suppose -3 = -3*m, 57 = 4*o + 3*m + 18. What is the highest common divisor of 15 and o?
3
Suppose 470 - 120 = n. What is the greatest common factor of n and 14?
14
Let s(r) be the third derivative of r**6/5 + r**5/60 - r**4/8 + r**3/3 + 6*r**2. Let o be s(1). Calculate the highest common divisor of o and 12.
12
Let j be 91/7 + (-1 - -1) + -2. Let q = 23 - j. Calculate the greatest common factor of q and 48.
12
Let c be -1 + (1 - 2) + 8. Let f be 0 - 1/3*c. Let h be (1 - f)*(-2 - -27). Calculate the greatest common divisor of h and 25.
25
Suppose -2*m - 84 + 100 = 0. Calculate the greatest common divisor of m and 1352.
8
Suppose 10*h = 7*h - 105. Let s = -5 - h. Calculate the greatest common divisor of s and 60.
30
Suppose -52*z + 1435 = -593. What is the highest common factor of z and 6?
3
Suppose 3*t = -t + 8, 4*m = 3*t + 114. Let d = 54 - 131. Let o = d - -152. Calculate the highest common divisor of o and m.
15
Suppose -c + 5*s + 154 = 0, 690 = 5*c - 14*s + 9*s. What is the greatest common divisor of c and 335?
67
Let w(q) = 47*q + 5. Let p be w(3). Let s = p + -56. Let l = 178 - s. Calculate the highest common divisor of l and 22.
22
Let f(l) = -10*l - 12. Let a be f(-2). Suppose -o + 0*d = -5*d - 169, -o = -d - 181. Calculate the greatest common factor of o and a.
8
Let v be (-8)/6*(-42)/4. Let a(o) = -9*o - 3. Let w(m) = -2*m + 23. Let i be w(14). Let z be a(i). What is the greatest common divisor of v and z?
14
Suppose 0 = 7*v - 15 - 27. Suppose 3 = -3*o - 0*o, 0 = -2*l - 3*o + 9. Calculate the greatest common divisor of